{"id":842,"date":"2023-09-05T16:04:13","date_gmt":"2023-09-05T14:04:13","guid":{"rendered":"https:\/\/www.clg-paul-langevin.ac-nice.fr\/?page_id=842"},"modified":"2025-04-29T14:41:44","modified_gmt":"2025-04-29T12:41:44","slug":"orientation-2023-2024","status":"publish","type":"page","link":"https:\/\/www.clg-paul-langevin.ac-nice.fr\/?page_id=842","title":{"rendered":"Orientation 2024.2025"},"content":{"rendered":"<h1 class=\"post-title entry-title\">ORIENTATION 2024-2025<\/h1>\n<div class=\"entry-content clearfix\">\n<p><strong>Votre enfant est en classe de 3\u00e8me ou 3\u00e8me SEGPA ? vous devez effectuer les d\u00e9marches lui permettant de choisir une orientation en Lyc\u00e9e Professionnel pour l\u2019an prochain.<\/strong><\/p>\n<p><strong>1. Saisir les intentions d\u2019orientation<\/strong>&nbsp;<strong>au mois de Janvier&nbsp;<\/strong><\/p>\n<p><strong>2. Saisir les choix d\u00e9finitifs d\u2019orientation<\/strong>&nbsp;<strong>au mois de Mai&nbsp; ( si votre enfant est en 3\u00e8me Segpa, vous serez aid\u00e9 pour cette deuxi\u00e8me d\u00e9marche par le Directeur de la Segpa)<\/strong><\/p>\n<p><strong>\u2013 Vous devez, pour effectuer les d\u00e9marches, vous munir de vos codes EDUCONNECT&nbsp;&nbsp;<\/strong><\/p>\n<p><span style=\"color: #ff0000;\"><strong>1<sup>re<\/sup>&nbsp;\u00e9tape<\/strong>&nbsp;:&nbsp;&nbsp;<b>Avant la fin du mois de Janvier 2025<\/b><\/span><\/p>\n<p><strong>Connectez-vous au portail&nbsp;Scolarit\u00e9 Services&nbsp;:&nbsp;<a href=\"https:\/\/teleservices.education.gouv.fr\/\" target=\"_blank\" rel=\"noopener\">teleservices.education.gouv.fr&nbsp;<\/a><\/strong><\/p>\n<p><strong>Choisissez le&nbsp;service&nbsp;\u00ab Orientation \u00bb&nbsp;pour indiquer votre intention d\u2019orientation parmi les possibilit\u00e9s suivantes :<\/strong><\/p>\n<p><em>Votre enfant \u00e9tant en Segpa dans un parcours professionnel, vous devez choisir entre 2nde Professionnelle (Bac professionnel) et 1\u00e8re ann\u00e9e de CAP.<\/em><\/p>\n<ul>\n<li><strong>2<sup>nde<\/sup>&nbsp;g\u00e9n\u00e9rale et technologique<\/strong><\/li>\n<li><strong>2<sup>nde<\/sup>&nbsp;professionnelle<\/strong><\/li>\n<li><strong>1<sup>re<\/sup>&nbsp;ann\u00e9e de CAP<\/strong><\/li>\n<\/ul>\n<p>&nbsp;<\/p>\n<p><strong><u>IMPORTANT : Apr\u00e8s le conseil de classe du 2 Trimestre<\/u><\/strong>&nbsp;:&nbsp;<strong>connectez-vous \u00e0&nbsp;<a href=\"http:\/\/teleservices.education.gouv.fr\/\" target=\"_blank\" rel=\"noopener\">Scolarit\u00e9 Services<\/a>&nbsp;pour consulter l\u2019avis provisoire du conseil de classe et en accuser r\u00e9ception.<\/strong><\/p>\n<p><span style=\"color: #ff0000;\"><strong>2<sup>e<\/sup> \u00e9tape : Au mois de Mai 2025<\/strong><\/span><\/p>\n<p><strong>Connectez-vous \u00e0&nbsp;<a href=\"http:\/\/teleservices.education.gouv.fr\/\" target=\"_blank\" rel=\"noopener\">Scolarit\u00e9 Services<\/a>&nbsp;pour saisir votre choix d\u2019orientation.<\/strong><\/p>\n<p><strong>Choisissez le&nbsp;service&nbsp;\u00ab Affectation Post-3\u00e8me)&nbsp; \u00bb&nbsp;pour saisir les demandes de formations et d\u2019\u00e9tablissements dans lesquels vous souhaitez que votre enfant ait une place \u00e0 la rentr\u00e9e 2023&nbsp; (si votre enfant est en 3\u00e8me Segpa, vous serez assist\u00e9 dans cette d\u00e9marche&nbsp; par le Directeur de la Segpa avec lequel vous prendrez rendez-vous au d\u00e9but du mois de Mai).<\/strong><\/p>\n<ul>\n<li><strong>Apr\u00e8s le conseil de classe du troisi\u00e8me trimestre<\/strong><\/li>\n<\/ul>\n<p><strong>Connectez-vous pour consulter la proposition du conseil de classe et donner votre r\u00e9ponse :<\/strong><\/p>\n<ul>\n<li><strong>D\u2019accord (la proposition devient d\u00e9cision) ;<br \/>\n<\/strong><\/li>\n<li><strong>Pas d\u2019accord (le dialogue continue, vous devez prendre contact avec le chef d\u2019\u00e9tablissement).<\/strong><\/li>\n<\/ul>\n<p>&nbsp;<\/p>\n<p><span style=\"color: #ff0000;\"><strong>3<sup>e<\/sup>&nbsp;\u00e9tape&nbsp;: Fin Juin<\/strong><\/span><\/p>\n<p><strong>Affectation et inscription : connectez-vous \u00e0&nbsp;<a href=\"http:\/\/teleservices.education.gouv.fr\/\" target=\"_blank\" rel=\"noopener\">Scolarit\u00e9 Services<\/a>&nbsp;pour prendre connaissance de la notification d\u2019affectation et&nbsp;<\/strong><strong>inscrire votre enfant dans son futur lyc\u00e9e (se rendre sur place d\u00e9but juillet).<\/strong><\/p>\n<p><strong>EN CAS DE DIFFICULTE VOUS POUVEZ NOUS CONTACTER POUR PRENDRE RENDEZ-VOUS&nbsp;<\/strong><\/p>\n<p><img loading=\"lazy\" decoding=\"async\" class=\"alignnone wp-image-4638\" src=\"https:\/\/www.clg-les-breguieres.ac-nice.fr\/wp-content\/uploads\/sites\/64\/2023\/01\/infographie-orientation-l-issue-de-la-3e-70626-102x300.jpg\" sizes=\"auto, (max-width: 523px) 100vw, 523px\" srcset=\"https:\/\/www.clg-les-breguieres.ac-nice.fr\/wp-content\/uploads\/sites\/64\/2023\/01\/infographie-orientation-l-issue-de-la-3e-70626-102x300.jpg 102w, https:\/\/www.clg-les-breguieres.ac-nice.fr\/wp-content\/uploads\/sites\/64\/2023\/01\/infographie-orientation-l-issue-de-la-3e-70626-348x1024.jpg 348w, https:\/\/www.clg-les-breguieres.ac-nice.fr\/wp-content\/uploads\/sites\/64\/2023\/01\/infographie-orientation-l-issue-de-la-3e-70626-697x2048.jpg 697w, https:\/\/www.clg-les-breguieres.ac-nice.fr\/wp-content\/uploads\/sites\/64\/2023\/01\/infographie-orientation-l-issue-de-la-3e-70626.jpg 720w\" alt=\"\" width=\"523\" height=\"1538\"><\/p>\n<\/div>\n","protected":false},"excerpt":{"rendered":"<p>ORIENTATION 2024-2025 Votre enfant est en classe de 3\u00e8me ou 3\u00e8me SEGPA ? vous devez effectuer les d\u00e9marches lui permettant<\/p>\n","protected":false},"author":635,"featured_media":0,"parent":0,"menu_order":0,"comment_status":"closed","ping_status":"closed","template":"","meta":{"colormag_page_container_layout":"default_layout","colormag_page_sidebar_layout":"default_layout","ngg_post_thumbnail":0,"footnotes":""},"class_list":["post-842","page","type-page","status-publish","hentry"],"_links":{"self":[{"href":"https:\/\/www.clg-paul-langevin.ac-nice.fr\/index.php?rest_route=\/wp\/v2\/pages\/842","targetHints":{"allow":["GET"]}}],"collection":[{"href":"https:\/\/www.clg-paul-langevin.ac-nice.fr\/index.php?rest_route=\/wp\/v2\/pages"}],"about":[{"href":"https:\/\/www.clg-paul-langevin.ac-nice.fr\/index.php?rest_route=\/wp\/v2\/types\/page"}],"author":[{"embeddable":true,"href":"https:\/\/www.clg-paul-langevin.ac-nice.fr\/index.php?rest_route=\/wp\/v2\/users\/635"}],"replies":[{"embeddable":true,"href":"https:\/\/www.clg-paul-langevin.ac-nice.fr\/index.php?rest_route=%2Fwp%2Fv2%2Fcomments&post=842"}],"version-history":[{"count":7,"href":"https:\/\/www.clg-paul-langevin.ac-nice.fr\/index.php?rest_route=\/wp\/v2\/pages\/842\/revisions"}],"predecessor-version":[{"id":1522,"href":"https:\/\/www.clg-paul-langevin.ac-nice.fr\/index.php?rest_route=\/wp\/v2\/pages\/842\/revisions\/1522"}],"wp:attachment":[{"href":"https:\/\/www.clg-paul-langevin.ac-nice.fr\/index.php?rest_route=%2Fwp%2Fv2%2Fmedia&parent=842"}],"curies":[{"name":"wp","href":"https:\/\/api.w.org\/{rel}","templated":true}]}}